4).
5
What is 431 + -395 + (8 - 151)?
-107
Calculate (6 - -21) + -49 + (-4 - -22) + -5.
-9
23 - (8 - ((-50 - -31) + 5))
1
What is the value of -1097 - -1253 - (-2 - -58)?
100
What is -16 + (134 + -121 - 44)?
-47
Calculate (-35 - (-49 + 41) - -93) + -10 + -1 + -2.
53
What is the value of 26 - (1 - -4 - (-104 + 102))?
19
Calculate -14 + 7 + (2 - (1 + -1)) - (64 + -74).
5
Calculate 2 + 1 + 4 - (66 + -16 + -11).
-32
What is the value of 28 - -12 - ((-2 - -1 - 3) + 15)?
29
Evaluate (-3952 - -3935) + 0 + 2 + 74.
59
Evaluate -26 - (-25 - (118 + -45) - 26).
98
What is the value of 114 + -2 + 1 + (-26 - -156) + -121?
122
Calculate 10 - (2 + -63 + (35 - 20)).
56
-19 + 11 + -45 - -12
-41
What is 35 + -7 + -4 - (62 + -57)?
19
What is -36611 - -36613 - (-94 + 1)?
95
What is the value of -12 + -59 - ((15 - -15) + -38)?
-63
Evaluate 0 + 1 + 51 + -64 + (30 - 8).
10
What is the value of 354 + -452 + (2 + -3 - (0 + 11))?
-110
What is (40 + 63 - 50) + (-19 - 1)?
33
-70 + 76 + (-11 - -58)
53
What is the value of 3 - 17 - 11 - (-28 + -73)?
76
What is -43 + -14 + 71 + -1 + -1 + -2 - 37?
-27
Evaluate (-39 + 46 - (-11 + 25)) + 33 + 0.
26
Calculate (4 + 6 - 17) + 6 + (-1 - -4).
2
-3 + (5 - (1 - 4) - (6 + (-37 - -13)))
23
What is the value of 104 + (-915 - -943) + (-35 - 2)?
95
-29 + 51 - 12 - 37 - -47
20
-117 - -203 - 82 - (-8 + 1 + -1 + -1)
13
Evaluate 65 + -114 - (-82 + 4).
29
Evaluate (-30 - (-10 + -10)) + (-5 - -4) + 0.
-11
What is (8 - (-11 - -4)) + -24 + -9?
-18
What is the value of 6 - (13 + -18) - 3?
8
-3671 - -3676 - (-27 - 3 - (1 - 3))
33
Evaluate -39 + (6 - (15 + 3 + -17)) + -4.
-38
Calculate -58 - -114 - 41 - -50.
65
(481 - 483 - (0 - 12)) + (-2 - 29)
-21
(-152 - -55) + (-10 + 6 - -12) - -17
-72
Calculate 741 - 682 - (0 - (-32 + 3)).
30
Calculate -4 + 27 + -17 + 35 + -2.
39
What is the value of -31 + -58 + 52 - 51?
-88
What is (-1 - (-13 + (14 - 4) + -14) - 10) + -40?
-34
Evaluate (20 + -11 - -7) + -8 + -84 + 2.
-74
(14 - (12 - 7)) + 11 + (-20 - -15)
15
What is (-266 - -259) + 14 + (-2 + -7 - (-2 + -2))?
2
(32 - 65 - -72) + -45
-6
What is the value of 629 + -679 - (51 + 9)?
-110
What is -15 - (8163 + -8152 - (-1 - (-5 + 1)))?
-23
Evaluate 11 + -4 + (93 - 43) + -5 + -3 + 2.
51
Calculate 5 + (6 - 2 - 0) + -19.
-10
-1 + -12 - ((-7 - (-16 + -1)) + (0 - 8))
-15
39 - (11 - (-17 + 46 - (0 + 11)) - 4)
50
What is -181 + 191 + (2 - (-2 + 4) - 16)?
-6
Calculate -1 + 21 + -122 + 55 + 44.
-3
What is the value of 94 - (-63 + 132 - 42)?
67
What is the value of 2 + (9 - -3) + -24 - -114?
104
(12 - 4) + (42 - (-18 + 56))
12
Evaluate -2 - (-50 + -2 - -63).
-13
Evaluate -13 + -2 + -87 + 109 + 11 + -2.
16
What is 4 - (4 - -2) - 40 - (2325 - 2303)?
-64
What is 0 + 32 + (3511 - 3529 - (1 - -1 - 19))?
31
What is 1 + -34 + (-117 + 47 - 17)?
-120
(2 + 11 - (83 - 34)) + -8 + -4
-48
Evaluate 55 - -5 - (-5 - (-9 + -2 - (-19 - -16))).
57
What is (45 - 109) + (-16 + 9 - 7) + (-1 - -6)?
-73
What is the value of 126 + (8 - 23) + -10 - 31?
70
What is the value of -270 + 255 + (-2 - -2)?
-15
Evaluate (32 - 75 - 0) + 76.
33
What is -81 - (2 - (7 - (10 + 6 - 10)))?
-82
103 + -38 + -113 - -65
17
Evaluate -50 + 28 + 17 + 26.
21
Calculate -5 + (37 - 49) + -28.
-45
-8 - (-23 + (16 - 1) + (-354 - -339))
15
What is the value of 12 - (10 + (-5 - (15 - 25)) - -8)?
-11
What is the value of 12 + -6 + -27 + (451 - 347) + -2 + 17?
98
77 - (-7 - -90) - (-1 - 0)
-5
Evaluate 79 + (-47 - (-49 + 60)).
21
Calculate -3 - (4 + -46) - (33 + -39).
45
What is -30 + (-5 + -30 - -65) - -104?
104
Evaluate (16 - -1 - -36) + 10 + -6 + -16.
41
What is the value of (-134 + 15 - -61) + (-23 - 2)?
-83
What is the value of 8 - (163 + -136) - (-46 - 1)?
28
0 + (1 + (-1 - (-6 + -15)) - 20)
1
Evaluate (-80 + -26 - -62) + 102.
58
What is the value of (57 - 48) + -33 - -37?
13
What is the value of -15 - (-20 + 64) - -109?
50
Evaluate 52 + -103 + 58 + 3 + 1 + -4.
7
193 + -200 - ((-1 - -4) + 0 + -8) - 105
-107
-6 - -2 - 18 - (5 + -100)
73
Calculate 55 + (-50 - (28 + 15)).
-38
Evaluate -6 + 0 + (121 + -73 - (7 - (-5 + -4))).
26
Calculate -14 - 48 - -26 - (3 - 25).
-14
Evaluate 144 + -188 - (-3 - (-2 - 0) - 1) - 2.
-44
What is the value of 33 + (-6 + 39 - (44 + 1))?
21
What is the value of 13 + -10 + 10 - 8 - (12 + -2) - -40?
35
What is the value of -36 - (-46 + -48 + 21)?
37
Evaluate -10 + 29 + 1 - (-42 + 64) - 9.
-11
-1 + 14 + 0 + (-328 - -323) + (-73 - -77)
12
(-1 - (-7 + 12)) + (-1 - 1) - 17
-25
What is (-4 - -1) + -6 + 30 + 11 + -2?
30
-3 + 21 + (122 - 40) + -96
4
What is the value of (-155 - -207) + -37 + -6?
9
Calculate 12 - (127 - 144 - (-18 - 0)).
11
Evaluate 7 + 1 - 4 - (-32 - -91).
-55
Evaluate (31 - -15) + -29 + (-3 - 32).
-18
(22 + -11 - 18) + 30 + 15
38
Evaluate 26 + 22 + -6 + -22 - -24.
44
-2 - 0 - (31 - (60 - 8) - -132)
-113
Calculate -60 - (-39 + 13) - (4 - (-3 + -1 - -5)).
-37
What is -12420 - -12579 - (87 + 1)?
71
Calculate (-15 + 14 - -14 - (-6 + 8)) + 53.
64
3 + (4 - 1) - (62 - -88 - 214)
70
Evaluate -58 + 122 - (1 - -111).
-48
Calculate (-85 - (10 - 5 - 17)) + -16 + 1.
-88
What is 12 + -18 + -4 + 4 + 35?
29
What is the value of -101 + 80 - 137 - -84?
-74
What is the value of 24 - ((7 - -30) + (2 - -20))?
-35
(6 - (0 + 63)) + -40 + 10 + 19
-68
What is -48 - (106 + (-4 - 30))?
-120
Evaluate -30 + 8 - (20 - (-2 + 66)).
22
75 + (2 - (-29 + -3 + 34))
75
Evaluate -1 + (-58 - (1 - -3)) - (-18 + -8 + 32).
-69
Evaluate -11 - (-46 - (-8 - ((1 - 5) + -17))).
48
What is the value of -29 + (56 - 39) + 50?
38
Evaluate -1 - ((-16 - (-45 + 22) - 0) + 7).
-15
What is the value of 47 - 55 - (-3 + 9 + -12 + 11)?
-13
Evaluate -20 + (17 + -5 + -16 - -126 - 2).
100
What is 177 - 201 - (54 - 51 - (10 + 0 + 1))?
-16
14 - (-5 + -5 + (-7 - -22 - -6))
3
-28 - ((-13 - (-1 - -13)) + 5)
-8
What is the value of (22 - 49 - -15) + (-4 - 3)?
-19
Calculate (2 - 1) + -27 + (-212 - -309).
71
Calculate 9 - ((-2 - -8) + (129 - 74 - 44)).
-8
Calculate -14 + -3 + -38 + 48 + -10.
-17
What is the value of 65 - -40 - (10 + -5 - 1)?
101
Calculate (-2 - 80) + -1692 + 1844.
70
What is -35 - ((48 - 32) + -50)?
-1
2 + (26 - 42 - 22)
-36
Evaluate 33 - 0 - 25 - 34.
-26
What is 42 + (-54 - -28) + -42 + -2?
-28
Evaluate (-32 - (2 + (-6 - -5))) + (-65 + 55 - -15).
-28
Calculate 50 + -8 + 6 + (50 - (16 + 24)).
58
What is the value of 41 - ((161 - 1) + -245 + 248)?
-122
Evaluate -12 + (4 - -5) + -23 + 8.
-18
34 + 6 + (-6 - (6 - (7 + 2))) + 8
45
What is the value of (18 - 42) + 9 - (-1 - 51)?
37
Evaluate -43 + -56 - (-164 + 8).
57
Evaluate -26 + 4 + (9 - 7 - -9) + -1.
-12
What is the value of -25 - (-61 + 17) - -79?
98
What is -5980 - -6011 - (1 + 3)?
27
Calculate 2 + 93 + -5 + 32 + (75 - 107).
90
Calculate 1 + -4 - (12 + -2 + 8 - 25).
4
Calculate -15 + 2 + (19 - (21 + 13 + -12)).
-16
Evaluate (20 - (0 - -19) - (0 + 16)) + 4.
-11
Calculate -3 - (0 - -8 - (8 + -4) - -17).
-24
What is (-2 - 4) + -271 + 250?
-27
26 + 55 - 27 - 156
-102
What is 2 - (7 - (127 + (-8 - -3) + 10)) - 0?
127
Evaluate -20 + -30 - (-73 + 61).
-38
What is 157 - -2 - 5 - (21 - (-23 + 27 + 2))?
139
What is 13 + -1 + -11 + (10 - 8) + -7?
-4
Evaluate -35 + (15 - (-8 - (-10 - -2 - 6))).
-26
What is 1 + -95 + (417 - 207)?
116
Calculate (-19 - (-5 - (-7 - -4))) + (-13 - (13 - 20)).
-23
Calculate (10 - (-7 + (-1 - -5) + 18)) + 44.
39
Evaluate -8 - (13 + 1 + 9 + -40 + 51).
-42
What is the value of 7 + 8 + -10 - (20 + -22 - 16)?
23
-11 - (1 - -3) - (43 + -13 - 9 - 155)
119
Calculate -63 - (67 - 28 - 16 - 29).
-57
Evaluate -1 + -1 + 20 - (111 - 138).
45
2 - 8 - (17 + -14 - (38 - 43))
-14
What is (181 - 149) + 130 + -73?
89
What is the value of -4 - (4 - (22 + 4)) - (-21 - (17 + -30))?
26
(5 - (5 + 42)) + (-16 + 8 - 10)
-60
Evaluate -130 - (-6 + 9 + 11 + -20 + 10 + -3).
-131
What is the value of 4 + -10 + 5 + (222 - 176)?
45
What is -87 + -2 + (-37 - (-98 - -45))?
-73
-40 + -12 - (-39 + -73)
60
Calculate (-29 - 47) + (4 - 14 - (21 + -27)).
-80
What is (-7 - (0 + 4 + -2)) + -63 + 79 + 18?
25
Evaluate -54 + (33 + 17 - 39).
-43
What is (-38 + -14 + -31 - -4) + -13?
-92
(-7 + 0 - (48 - 48)) + 8 + 0
1
What is -60 + 53 + -47 + 89?
35
What is the value of 64 + -119 - (-62 + -5)?
12
-10 + -17 - (-47 + (-32 - -16))
36
Calculate (-17 - (-1 + 19 + (44 - 46))) + 1 + -6.
-38
Evaluate (29 + -109 - (13 + (6 - 8))) + -